 p?
2, 3
Suppose -368*j = -363*j + 30080. What are the prime factors of (-4)/(-20) + j/(-20)?
7, 43
Let a be (-246)/9 + (-12)/18. Let l = a + 26. List the prime factors of (l + 3)/(1/61).
61
Suppose 5*s = g + 34232, -188*s = -192*s - 3*g + 27397. What are the prime factors of s?
41, 167
Suppose 0 = w + d - 222, 2*w + 2*d + 225 = 3*w. Let n(j) = 5*j**2 - 19*j + 59. Let l be n(3). Suppose -l + w = z. What are the prime factors of z?
2, 11
Let z(g) = g**3 + 5*g**2 - 6*g. Let k be z(-6). Suppose 5*o - 185 = -k*j - 2*j, 0 = -4*o - 12. Suppose -3*n + 349 = j. List the prime factors of n.
83
Let p = -1019 - -1022. Suppose -4*i + p*j + 4361 = 0, -4*i - 10*j + 4381 = -9*j. List the prime factors of i.
2, 547
Let j(o) be the third derivative of -o**6/120 + o**5/10 + o**4/4 + 11*o**3/6 - o**2 + 36. What are the prime factors of j(-6)?
11, 37
Let n = -128 - -73. Let x = 291 + n. What are the prime factors of x/3 + (-30)/45?
2, 3, 13
Let c(x) = 18*x + 24. Let s be c(4). Let v(r) = -3*r**3 - 13*r + 2. Let a be v(5). List the prime factors of -4*a/s*8*1.
2, 73
Let r = -4720 + 14161. List the prime factors of r.
3, 1049
Let p = 3 - -3. Let b(d) = 8*d - 42. Let o be b(p). Suppose 3*f - 47 = -3*y - 14, 0 = 3*y + o. List the prime factors of f.
13
List the prime factors of ((-18)/3)/(2 - 6)*(-93786)/(-9).
7, 11, 29
Suppose -4*v + 20 = -4. Suppose 413 = -m + 1718. Suppose -w = -v*w + m. What are the prime factors of w?
3, 29
What are the prime factors of (-1 - -3)*276/966*55559?
2, 7937
Suppose -42*p + 2126291 + 1065223 = -707136. List the prime factors of p.
5, 47, 79
Suppose -9*r = 1153 + 1835. Let s = r - -1190. What are the prime factors of s?
2, 3, 11, 13
Suppose 5*i + 550 + 10000 = 2*r, -r - 2*i + 5302 = 0. What are the prime factors of r?
2, 5, 23
Let d(j) = -j**2 - 15*j - 16. Let r be d(-15). Let v(w) = 25*w**2 + 7*w - 5. Let a be v(2). Let k = r + a. List the prime factors of k.
3, 31
Suppose -8*l + 245448 = 5*x - 6*l, -13*l = 78. List the prime factors of x.
2, 3, 4091
What are the prime factors of (-231)/((-12)/42 - 68/56)?
2, 7, 11
Suppose 14*s - 28*s = 76*s - 2166390. List the prime factors of s.
24071
Let y(c) = 2*c**2 + 31*c - 1459. What are the prime factors of y(-52)?
3, 19, 41
Let o = 24623 - 13478. List the prime factors of o.
3, 5, 743
Let p = 2587 - 1362. Suppose -3*h + 5*x = -p - 85, 5*x - 2210 = -5*h. What are the prime factors of h?
2, 5, 11
Suppose 3*s - 2*c - 18123 = 0, -19*s + 24164 = -15*s - c. List the prime factors of s.
7, 863
Let i(h) = -12*h**3 + h**2 + 44*h + 752. What are the prime factors of i(-13)?
26713
Let g(r) = -33*r - 65. Let w be g(-2). What are the prime factors of 3/w - (3 + -1289 + -3)?
2, 17, 19
Let t = -537 - -541. What are the prime factors of (-239 - -2567)/(((-18)/t)/(-3))?
2, 97
Let y(b) be the third derivative of b**5/30 + 5*b**4/8 + 7*b**3/3 + 2*b**2 - 27*b. What are the prime factors of y(-7)?
7
Suppose -4*h = -4 - 16. Let u(r) = 5*r**2 - 11*r + 11. Let q(t) = -21*t**2 + 45*t - 44. Let p(j) = 2*q(j) + 9*u(j). List the prime factors of p(h).
41
Suppose -4155 = -5*s + 10*s. Let i = s + 1390. Suppose 5*b + i = 4*n, 3*n + n = b + 563. What are the prime factors of n?
3, 47
Let m(s) = 5*s**2 + 9*s - 2. Let c(q) = -26*q**2 - 46*q + 10. Let g = 59 + -48. Let h(y) = g*m(y) + 2*c(y). List the prime factors of h(-5).
2, 19
Suppose 4*h - 5*a = -15, 35 = -3*h - 3*a + 2*a. Suppose 5*x + 20 = x. List the prime factors of 45 - (2 + h/x).
41
Suppose 45*g - 3*r = 43*g + 16075, -2*g + 2*r + 16074 = 0. What are the prime factors of g?
2, 7, 41
Let r = -175 + 260. Let l = -77 + r. Suppose -5*v = -l*v + 399. What are the prime factors of v?
7, 19
Let k(s) = s**2 + 22*s - 46. Let v be k(-24). List the prime factors of v*(-2)/48 - 115605/(-540).
2, 107
List the prime factors of (246/(-738))/((-1)/112884).
2, 23, 409
Let h(l) = -28 - l**2 - 2*l + 17 - 2*l + 15. Let d be h(-4). Suppose -u = d*u - 305. List the prime factors of u.
61
Let x be ((-11)/(-2))/(-11)*1980. List the prime factors of (x/24)/(21/(-56)).
2, 5, 11
Let w = 804 + -436. Suppose -u - 5*r = 21, -u = -4*r - 13 - 11. Suppose 0 = -u*b + 8*b - w. What are the prime factors of b?
2, 23
Let r = 10834 - 4653. What are the prime factors of r?
7, 883
Let b be 11/((-44)/(-24)) + -6. Suppose b = 11*a - 546 - 356. What are the prime factors of a?
2, 41
Suppose -2*c + 33 = -23. Suppose -29*u + c*u = -1085. Suppose b - 8*b = -u. List the prime factors of b.
5, 31
List the prime factors of ((-514)/3*2)/((-65)/585).
2, 3, 257
Let i be (-242)/(-16) - 15/120. Suppose -15 = 3*k - i. Suppose k = -5*f - 3*r + 392 + 319, 4*r + 300 = 2*f. What are the prime factors of f?
2, 3
Suppose -3*w - 28 = 5*x, -3*w - 7 = -19. List the prime factors of 478 + (x/(-14))/(34/119).
2, 3, 5
Let u(o) = 19*o - 13. Let b be u(3). Let l = -43 + b. List the prime factors of 101 + (2 + l - 6).
2, 7
Let v = 2 + 1. Let h(n) = 11*n**2 - 3*n - 4. Let o(f) = 33*f**2 - 7*f - 11. Let p(z) = -8*h(z) + 3*o(z). What are the prime factors of p(v)?
107
Let l be 152/6 + (-44)/(-66). Let p = l + -23. Suppose -5*d = -5*o - 480, -p*o = -d + 70 + 36. What are the prime factors of d?
7, 13
Suppose -220*p = 181*p - 28464584. What are the prime factors of p?
2, 19, 467
Let h be 90/5*(-3)/(-6). Let l(n) = -5 + 21 + h*n + 6 - 3 + n**2. List the prime factors of l(-11).
41
Let u(i) = i**2 + 45*i + 103. Let r be u(-46). Suppose 0 = p, -f + 247 = -p - r. List the prime factors of f.
2, 3, 11
Suppose u = -3*u + 9656 + 56052. What are the prime factors of u?
16427
Let i = -8681 - -14397. List the prime factors of i.
2, 1429
Suppose 16*y + 290 = 11*y. Let q = y + 92. Suppose 7*d - 6*d - q = 0. What are the prime factors of d?
2, 17
Let w(h) = -3*h**2 + 5*h - 32. Let l be w(-15). Let m = -53 - l. List the prime factors of m.
3
Let b(n) = 225*n**3 - 2*n**2 + n. Let a be b(-1). Let z = a - -494. What are the prime factors of z?
2, 7, 19
Suppose -4*a - 207 = 5*a. Let m = a - -41. Suppose -k = -v + m, -3*v = 4*k - 0 - 82. What are the prime factors of v?
2, 11
Let s(b) = 2*b + 20. Let y be s(-10). Suppose y = 11*i - 13*i + 6. Let g(p) = 19*p + 13. What are the prime factors of g(i)?
2, 5, 7
Suppose -23*f = -40*f + 2074. Suppose 107*c - f*c = -14310. What are the prime factors of c?
2, 3, 53
List the prime factors of ((-8)/(-12)*1839012/(-112))/((-1)/2).
21893
Let x(n) = 21*n - 4 - 7 + 0 - 3. Let i be x(4). Let t = 181 - i. List the prime factors of t.
3, 37
Let k(s) = -s + 486. Let w = -50 + 50. What are the prime factors of k(w)?
2, 3
Suppose -3*h = -0*q + 4*q - 995, 2*q + 2 = 0. Let s = -227 + h. Suppose 368 = 6*a - s. List the prime factors of a.
79
Let t(c) = 4*c**3 + 12*c**2 - c - 216. What are the prime factors of t(14)?
2, 3, 37, 59
Let o = 756 - -788. Let s = -411 + o. What are the prime factors of s?
11, 103
Let n(l) = -2*l - 4. Let x be n(-4). Let p(k) = 16*k**2 + 7*k - 2. Let j be p(x). Suppose 8*f - j = 166. What are the prime factors of f?
2, 7
Let o = -3676 + 4022. List the prime factors of o.
2, 173
Let f(q) = -477*q + 19. Let n be f(-8). Suppose 0 = -15*p + n + 2405. What are the prime factors of p?
2, 13
Let q be 2*4/8 + 8/2. Suppose 4*c - 748 = -4*v + 2*v, 754 = 4*c + q*v. List the prime factors of c.
2, 3, 31
Suppose 2152*f - 20 = 2151*f. Suppose 0 = f*y - 17*y - 4473. What are the prime factors of y?
3, 7, 71
List the prime factors of 412/(-2678) - (-640956)/26.
2, 6163
Let r be (-1012)/(-23) + (-7 - -1). Suppose -r*c + 48*c = 4060. List the prime factors of c.
2, 7, 29
Let d(t) = -21*t**3 + 2*t**2 - 3*t + 2. Let r be d(1). Let p be ((-85)/r - 3/12) + 116. Suppose 31*w - p = 25*w. List the prime factors of w.
2, 5
Let b be (-84)/(-196) - (0 - (-3)/7). Suppose 4*g = -3*k + 2293, 0*g - 5*g + 2*k + 2872 = b. What are the prime factors of g?
2, 7, 41
Suppose 0 = 5*r + 3*a - 171, -20*a = -3*r - 18*a + 114. What are the prime factors of (-6252)/(-20) - (-4 - r/(-10))?
313
Let b(x) = 2*x**2 + 9*x - 1. Let c be b(-5). Let y(d) = 11*d**2 - d + 3. Let l(h) = 10*h**2 - h + 4. Let r(g) = 7*l(g) - 6*y(g). List the prime factors of r(c).
2, 5, 7
Let p(a) = 1160*a**2 - 14*a + 23. Let l be p(2). Suppose -6*j - b = -3*j - 2792, -5*j + l = -2*b. List the prime factors of j.
929
Let b(q) be the second derivative of -8*q**5/5 - q**4/4 - q